9. Let c be (g/(-15))/(2/20). What is the greatest common factor of c and 15?
3
Let n(a) = -4*a + 4*a - a + 1. Let b(w) = -12*w. Let s(t) = b(t) - 6*n(t). Let c be s(-5). What is the greatest common factor of c and 16?
8
Suppose 2*y = y + 4. Suppose 276 = y*m + 100. Suppose -3*w + w = 4*c - 34, -3*w + m = 5*c. Calculate the greatest common factor of c and 28.
7
Let j = 153 + -73. What is the highest common divisor of 16 and j?
16
Let s be 74/4 + 2/(-4). Let o(q) = -6*q - 1. Let w be o(-1). Let n be (12/w)/((-5)/(-25)). What is the highest common divisor of s and n?
6
Suppose f + 22 = -2*n - 4*f, -3*n = 4*f + 33. Let a(l) = l + 25. Let h be a(n). Calculate the greatest common factor of 154 and h.
14
Let d be 26/(-14) - (-1)/(-7). Let k be (-9)/(2/(-14 - d)). Let o be k/(1 + 0 + 1). What is the greatest common divisor of o and 3?
3
Suppose -3 = -2*b + 4*b + 3*z, 0 = 5*b + z - 12. Suppose r + r - 42 = 0. Calculate the greatest common divisor of r and b.
3
Let s be (-35)/3*-3 - -3. Calculate the greatest common divisor of 19 and s.
19
Let n be (65 - -2) + (2 - -1). Let r be (-2)/(-2)*1 + -6. Let f(p) = -3*p - 5. Let b be f(r). What is the highest common factor of n and b?
10
Suppose 9 = 3*m - 9. Suppose 0 = 2*y + m - 20. Calculate the greatest common divisor of y and 49.
7
Suppose 4*r - 39 - 57 = 0. What is the greatest common factor of 72 and r?
24
Suppose 4*c - 3*r - 73 = 0, -2*c + 47 = r - 2. Suppose -c = -4*n + 3*n. Let v = 15 + -13. Calculate the greatest common factor of n and v.
2
Let b be (-15)/(-10) + 18/4. Suppose 3*z = -5*t + 46, -4*z - 5*t + t + 56 = 0. Calculate the highest common factor of z and b.
6
Suppose -44 = 3*p - 272. Calculate the greatest common divisor of 19 and p.
19
Let o(i) = i**2 - 5*i - 3*i - 3*i - 4. Let v be o(12). Calculate the greatest common factor of 40 and v.
8
Suppose 5*w + 0*b = 4*b - 2, 12 = -2*w - 4*b. Let l be ((-14)/6)/(w/6). Calculate the highest common factor of l and 35.
7
Suppose 0 = -8*s + 7*s - 28. Let n be (s/5)/((-2)/5). What is the greatest common factor of n and 7?
7
Suppose -2*j + 65 = 13. Calculate the highest common factor of j and 39.
13
Let j = 95 + 137. What is the greatest common divisor of 29 and j?
29
Suppose -p - 3*z = 4*p - 80, 0 = -5*p - 4*z + 80. Calculate the greatest common factor of 176 and p.
16
Let v be (12/9)/((-2)/(-9)). Calculate the greatest common factor of 12 and v.
6
Let y be 196 - (5 - -3)/(-4). Calculate the highest common divisor of y and 18.
18
Let g(c) = -c + 1. Suppose -n - 3*v = 3*n - 28, -2*v = 0. Let w = -10 + n. Let d be g(w). What is the greatest common divisor of d and 10?
2
Suppose 4*y = 57 - 17. Calculate the highest common factor of 80 and y.
10
Suppose -3*a + 37 = -5*x, 2*x - 33 = -2*a + 7*x. Let j be a/14 + (-1842)/(-21). What is the highest common divisor of j and 11?
11
Let r be -3 - (-5)/((-5)/(-8)). Suppose r*p = -b + 6*b + 85, 4*b + 4 = 0. Calculate the highest common divisor of 40 and p.
8
Let i be -3*-2*(-80)/(-12). Suppose -3*f - 2*f = 5. Let k = f - -9. What is the greatest common divisor of i and k?
8
Suppose -2*z - 3*z - 2*x = -30, -2*z - 2*x = -18. Suppose -z*b + 12 = -b. Let k = 36 - 20. What is the greatest common divisor of k and b?
4
Suppose -13 = -5*g - 3. Let m(y) = 3*y + 1. Let d be m(g). Suppose 64 = p - 2*l, -2*p + 5*p + 4*l - 152 = 0. What is the highest common divisor of d and p?
7
Let w = 141 + -114. Calculate the greatest common divisor of 6 and w.
3
Let b(q) = -q - 17. Let o be b(-11). Let m be (o/(-15))/(1/70). Let a = -100 + 142. Calculate the greatest common factor of a and m.
14
Let v = 37 + -13. Let u = 18 - -5. Suppose 2*i - u = 9. Calculate the highest common divisor of v and i.
8
Suppose -2*h = 3*c - 7, -h - 2*c = -4*c - 14. Let p(j) = j**2 - 9*j + 3. Let l be p(h). Let w = -2 - l. What is the greatest common divisor of 33 and w?
3
Let a(c) = c**3 + c**2 + 3. Let j be a(0). Suppose j*s = -s + 80. Suppose -2*h - 4*l = -24 - 0, 3*h + 8 = 5*l. What is the greatest common factor of h and s?
4
Let g = -4 + 6. Suppose -v = -4*y - 22, 0 = -v + 6*v + 3*y + 5. Suppose 7*m - 22 = -g*h + 2*m, 0 = 2*h - m + v. What is the greatest common divisor of h and 1?
1
Suppose 2*n - 13 = 19. Calculate the highest common divisor of n and 24.
8
Suppose 5*u + 1 = 6. Suppose -2*g + 25 = -5*p, 4*g + 2*p - 1 - 13 = 0. Suppose u = r, -5*r + 24 = s - g. What is the highest common factor of 8 and s?
8
Let i(b) = 4*b - 5. Let y be i(15). What is the greatest common factor of y and 33?
11
Let c = -6 - -8. Let i(y) be the third derivative of y**5/30 + y**4/8 - 2*y**3/3 - 4*y**2. Let x be i(-4). What is the highest common factor of x and c?
2
Let s = 5 - -14. Let l(h) = 36*h - 7. Let g be l(6). What is the greatest common factor of s and g?
19
Let n be 24/10*(-325)/(-26). What is the highest common factor of 30 and n?
30
Let t = 9 - 5. Calculate the greatest common factor of 6 and t.
2
Suppose -2*b + 4*u = -12, -2*b + b = 2*u - 22. Let i be 28/(-3)*(-21)/2. What is the highest common divisor of b and i?
14
Let j be (10/(-15))/((-6)/117). What is the greatest common factor of 91 and j?
13
Let w(t) = 5*t + 1. Let d be w(4). Suppose 0 = -5*a - 2*k + 7, 2*a + 0*k = -k + 2. Calculate the greatest common factor of a and d.
3
Let u = 12 + 68. Let q be (4/(-10))/((-2)/u). Let o be -5 + 4 + (4 - 1). Calculate the highest common divisor of o and q.
2
Suppose 20*s - 70 = 15*s. Calculate the greatest common divisor of 126 and s.
14
Let c be (-14)/7*2*-5. What is the highest common factor of c and 8?
4
Let c be -1 + -1 - (-48)/16. Let m be 16/(-6)*(-9)/6. Suppose -m*z = -2 - 2. Calculate the greatest common divisor of c and z.
1
Suppose -5*i - 2*b + 50 = 3*b, -4*b - 4 = 0. Suppose 0 = -l + 1 + 4. Suppose -2*s + 7 = 3, 2*t = -l*s + 164. What is the greatest common divisor of i and t?
11
Suppose 0 = 9*k - 4*k - 315. Calculate the highest common factor of 9 and k.
9
Let p be ((-2)/(-4) - 0)*26. Calculate the highest common divisor of p and 65.
13
Let u = 34 - 19. Let o(l) = -l - 13. Let z be o(-9). Let h(v) = -2*v + 2. Let r be h(z). Calculate the greatest common factor of u and r.
5
Let w = 79 + -43. What is the greatest common factor of w and 9?
9
Let m = -33 + 57. Suppose -h - 2*h + 30 = 0. Let v be ((-4)/h)/((-2)/300). Calculate the highest common factor of m and v.
12
Let m(n) = 3*n**2 + n + 3. Let k(a) = a**3 + 8*a**2 + 8*a + 4. Let o be k(-7). Let j be m(o). What is the highest common factor of j and 18?
9
Let m be -6 + (2 + 1 - 1). Let p be (m - 1)*(-27)/3. What is the greatest common divisor of 5 and p?
5
Let z(a) = -a**2 - 2*a - 1. Let l be z(-1). Let b be 4 - (l - 12/(-4)). Calculate the greatest common factor of b and 5.
1
Let g be (-4)/(-14) + 96/(-42). Let p = 2 - g. Let i = -7 - -13. What is the highest common divisor of i and p?
2
Let c be (-1506)/(-15) - (-2)/(-5). What is the highest common divisor of c and 20?
20
Let s = 113 + -87. Calculate the greatest common divisor of s and 1.
1
Let b = -3 + 10. Suppose b = -3*a + 5*s, 5*s - 31 = -0*a - a. What is the greatest common factor of a and 6?
6
Suppose -2*j = -3*j - 4. Let q(n) = -n**3 - 2*n**2 + 5*n + 1. Let s be q(j). What is the greatest common factor of s and 65?
13
Let g be -4 - -2 - 42/(-1). What is the greatest common factor of g and 10?
10
Suppose -x + 18 = 6. What is the highest common factor of x and 12?
12
Let t(l) = 5*l**2 + 7*l + 4. Let v be t(-4). Let j be (0 + -1)*v/(-2). Suppose 2*r = 4*r - j. Calculate the highest common factor of 2 and r.
2
Let p = 45 + -23. What is the highest common divisor of p and 55?
11
Let n(f) = f**2 - 11*f - 5. Let u be n(8). Let c = -20 - u. What is the highest common divisor of 45 and c?
9
Let r = -26 - -41. Calculate the highest common divisor of r and 135.
15
Suppose 5*j + 4*f - 233 = 591, -2*j = 5*f - 316. Calculate the highest common divisor of 24 and j.
24
Let d be -33*(5/(-3) + -1 + 3). Suppose 4*n + n = -90. Let o = d - n. What is the greatest common factor of o and 35?
7
Let o(x) = 7*x - 12. Let h be o(6). Calculate the highest common factor of h and 6.
6
Let l = -25 - -60. Calculate the greatest common factor of 42 and l.
7
Suppose -5*f + 91 = -4*f - 3*n, 0 = -f + 2*n + 94. Calculate the highest common divisor of f and 40.
20
Let m(w) = 3 + 34*w - 